{"version":"1.0","type":"rich","provider_name":"Portal de Zoologia de Pernambuco","provider_url":"http:\/\/www.portal.zoo.bio.br","title":"Budi\u00e3o Zelinda","author_name":"Clemente","width":"600","height":"400","url":"https:\/\/www.portal.zoo.bio.br\/media1801","html":"\u003Ch4 class='title'\u003E\u003Ca href='https:\/\/www.portal.zoo.bio.br\/media1801'\u003EBudi\u00e3o Zelinda\u003C\/a\u003E\u003C\/h4\u003E\u003Cblockquote class='spip'\u003E\n\u003Cp\u003EBudi\u00e3o Zelinda, nome dado em homenagem a pesquisadora Dra. Zelinda Le\u00e3o, mas tamb\u00e9m \u00e9 conhecido como budi\u00e3o-banana. \u00c9 uma esp\u00e9cie end\u00eamica do Brasil, ou seja, s\u00f3 ocorre no nosso litoral. Scarus zelindae est\u00e1 amea\u00e7ado pela sobrepesca, por conta do seu valor comercial, e \u00e9 categorizada como Vulner\u00e1vel na Lista Oficial de Esp\u00e9cies da Fauna Amea\u00e7adas de Extin\u00e7\u00e3o. \n\u003Cbr class='autobr' \/\u003E\nEsp\u00e9cie herb\u00edvora, tem sua import\u00e2ncia ecol\u00f3gica no ambiente recifal, pois controla as esp\u00e9cies de algas que crescem sobre os recifes. Sua colora\u00e7\u00e3o&nbsp;(...)\u003C\/p\u003E\n\u003C\/blockquote\u003E\n"}

Budião Zelinda

<h4 class='title'><a href='https://www.portal.zoo.bio.br/media1801'>Budião Zelinda</a></h4><blockquote class='spip'>
<p>Budião Zelinda, nome dado em homenagem a pesquisadora Dra. Zelinda Leão, mas também é conhecido como budião-banana. É uma espécie endêmica do Brasil, ou seja, só ocorre no nosso litoral. Scarus zelindae está ameaçado pela sobrepesca, por conta do seu valor comercial, e é categorizada como Vulnerável na Lista Oficial de Espécies da Fauna Ameaçadas de Extinção. 
<br class='autobr' />
Espécie herbívora, tem sua importância ecológica no ambiente recifal, pois controla as espécies de algas que crescem sobre os recifes. Sua coloração&nbsp;(...)</p>
</blockquote>
