{"version":"1.0","type":"rich","provider_name":"Portal de Zoologia de Pernambuco","provider_url":"http:\/\/www.portal.zoo.bio.br","title":"Car\u00e3o","author_name":"Al\u00e9ssio F.","width":"600","height":"400","url":"https:\/\/www.portal.zoo.bio.br\/media2579","html":"\u003Ch4 class='title'\u003E\u003Ca href='https:\/\/www.portal.zoo.bio.br\/media2579'\u003ECar\u00e3o\u003C\/a\u003E\u003C\/h4\u003E\u003Cblockquote class='spip'\u003E\n\u003Cp\u003ECar\u00e3o registrado em uma \u00e1rea alagada na regi\u00e3o central de Manaus no dia 6 de julho de 2026. O car\u00e3o \u00e9 uma esp\u00e9cie de ave caracter\u00edstica de zonas \u00famidas continentais. Pode ser encontrado em p\u00e2ntanos, campos alagados, borda de lagoas, manguezais e em regi\u00f5es ribeirinhas com vegeta\u00e7\u00e3o densa. Apresenta uma grande distribui\u00e7\u00e3o geogr\u00e1fica, ocorrendo desde o sul dos Estados Unidos at\u00e9 a Argentina. Ocorre em todos estados e biomas brasileiros. Seu nome cient\u00edfico \u00e9 Aramus guarauna e \u00e9 a \u00fanica esp\u00e9cie da fam\u00edlia&nbsp;(...)\u003C\/p\u003E\n\u003C\/blockquote\u003E\n"}

Carão

Aléssio F.

<h4 class='title'><a href='https://www.portal.zoo.bio.br/media2579'>Carão</a></h4><blockquote class='spip'>
<p>Carão registrado em uma área alagada na região central de Manaus no dia 6 de julho de 2026. O carão é uma espécie de ave característica de zonas úmidas continentais. Pode ser encontrado em pântanos, campos alagados, borda de lagoas, manguezais e em regiões ribeirinhas com vegetação densa. Apresenta uma grande distribuição geográfica, ocorrendo desde o sul dos Estados Unidos até a Argentina. Ocorre em todos estados e biomas brasileiros. Seu nome científico é Aramus guarauna e é a única espécie da família&nbsp;(...)</p>
</blockquote>
